{"id":90,"date":"2014-07-19T16:17:19","date_gmt":"2014-07-19T16:17:19","guid":{"rendered":"http:\/\/www.hop-frog.net\/?page_id=90"},"modified":"2014-08-14T13:39:52","modified_gmt":"2014-08-14T13:39:52","slug":"mode-demploi-pdf-pret-a-imprimer","status":"publish","type":"page","link":"https:\/\/www.hop-frog.net\/?page_id=90","title":{"rendered":"[mode d&#8217;emploi] pdf pr\u00eat \u00e0 imprimer"},"content":{"rendered":"<div class=\"synved-social-container synved-social-container-follow\"><a class=\"synved-social-button synved-social-button-follow synved-social-size-16 synved-social-resolution-single synved-social-provider-facebook nolightbox\" data-provider=\"facebook\" target=\"_blank\" rel=\"nofollow\" title=\"Suivez-nous sur Facebook\" href=\"http:\/\/www.facebook.com\/HopFrogEditions\" style=\"font-size: 0px;width:16px;height:16px;margin:0;margin-bottom:5px;margin-right:5px\"><img alt=\"Facebook\" title=\"Suivez-nous sur Facebook\" class=\"synved-share-image synved-social-image synved-social-image-follow\" width=\"16\" height=\"16\" style=\"display: inline;width:16px;height:16px;margin: 0;padding: 0;border: none\" src=\"https:\/\/www.hop-frog.net\/wp-content\/plugins\/social-media-feather\/synved-social\/image\/social\/regular\/32x32\/facebook.png\" \/><\/a><a class=\"synved-social-button synved-social-button-follow synved-social-size-16 synved-social-resolution-single synved-social-provider-rss nolightbox\" data-provider=\"rss\" target=\"_blank\" rel=\"nofollow\" title=\"Subscribe to our RSS Feed\" href=\"https:\/\/feeds.feedburner.com\/MyFeedName\" style=\"font-size: 0px;width:16px;height:16px;margin:0;margin-bottom:5px\"><img alt=\"rss\" title=\"Subscribe to our RSS Feed\" class=\"synved-share-image synved-social-image synved-social-image-follow\" width=\"16\" height=\"16\" style=\"display: inline;width:16px;height:16px;margin: 0;padding: 0;border: none\" src=\"https:\/\/www.hop-frog.net\/wp-content\/plugins\/social-media-feather\/synved-social\/image\/social\/regular\/32x32\/rss.png\" \/><\/a><\/div><p>Deux cas de figures peuvent se pr\u00e9senter :<\/p>\n<p>Vous avez une imprimante qui g\u00e8re le recto-verso de fa\u00e7on automatis\u00e9e.<br \/>\nIl vous suffit d&rsquo;ouvrir votre document pdf puis de cliquer sur \u00ab\u00a0Imprimer\u00a0\u00bb. Dans le cadre \u00ab\u00a0gestion de la page\u00a0\u00bb s\u00e9lectionnez \u00ab\u00a0Mise \u00e0 l&rsquo;\u00e9chelle : plusieurs pages par feuille\u00a0\u00bb, et \u00ab\u00a0Pages par feuille : 2\u00a0\u00bb. Lancez l&rsquo;impression en mode recto-verso.<\/p>\n<p>Vous avez une imprimante qui g\u00e8re le recto-verso manuellement.<br \/>\nIl vous suffit d&rsquo;ouvrir votre document pdf puis de cliquer sur \u00ab\u00a0Imprimer\u00a0\u00bb. Dans le cadre \u00ab\u00a0gestion de la page\u00a0\u00bb s\u00e9lectionnez \u00ab\u00a0Mise \u00e0 l&rsquo;\u00e9chelle : plusieurs pages par feuille\u00a0\u00bb, et \u00ab\u00a0Pages par feuille : 2\u00a0\u00bb. Pr\u00e9cisez recto-verso \u00ab\u00a0Manuel\u00a0\u00bb. Lancez l&rsquo;impression. Si tout va bien, l&rsquo;imprimante doit alors lancer l&rsquo;impression des recto. Une fois cette premi\u00e8re impression termin\u00e9e, remettez votre bloc de feuille dans le bac (attention au sens des feuilles !), et imprimez le verso avec les m\u00eame r\u00e9glages.<\/p>\n","protected":false},"excerpt":{"rendered":"<p>Deux cas de figures peuvent se pr\u00e9senter : Vous avez une imprimante qui g\u00e8re le recto-verso de fa\u00e7on automatis\u00e9e. Il vous suffit d&rsquo;ouvrir votre document pdf puis de cliquer sur \u00ab\u00a0Imprimer\u00a0\u00bb. Dans le cadre \u00ab\u00a0gestion de la page\u00a0\u00bb s\u00e9lectionnez \u00ab\u00a0Mise \u00e0 l&rsquo;\u00e9chelle : plusieurs pages par feuille\u00a0\u00bb, et \u00ab\u00a0Pages par feuille : 2\u00a0\u00bb. Lancez l&rsquo;impression &hellip; <a href=\"https:\/\/www.hop-frog.net\/?page_id=90\" class=\"more-link\">Continuer la lecture de <span class=\"screen-reader-text\">[mode d&#8217;emploi] pdf pr\u00eat \u00e0 imprimer<\/span>  <span class=\"meta-nav\">&rarr;<\/span><\/a><\/p>\n","protected":false},"author":1,"featured_media":0,"parent":0,"menu_order":0,"comment_status":"closed","ping_status":"closed","template":"","meta":[],"_links":{"self":[{"href":"https:\/\/www.hop-frog.net\/index.php?rest_route=\/wp\/v2\/pages\/90"}],"collection":[{"href":"https:\/\/www.hop-frog.net\/index.php?rest_route=\/wp\/v2\/pages"}],"about":[{"href":"https:\/\/www.hop-frog.net\/index.php?rest_route=\/wp\/v2\/types\/page"}],"author":[{"embeddable":true,"href":"https:\/\/www.hop-frog.net\/index.php?rest_route=\/wp\/v2\/users\/1"}],"replies":[{"embeddable":true,"href":"https:\/\/www.hop-frog.net\/index.php?rest_route=%2Fwp%2Fv2%2Fcomments&post=90"}],"version-history":[{"count":5,"href":"https:\/\/www.hop-frog.net\/index.php?rest_route=\/wp\/v2\/pages\/90\/revisions"}],"predecessor-version":[{"id":115,"href":"https:\/\/www.hop-frog.net\/index.php?rest_route=\/wp\/v2\/pages\/90\/revisions\/115"}],"wp:attachment":[{"href":"https:\/\/www.hop-frog.net\/index.php?rest_route=%2Fwp%2Fv2%2Fmedia&parent=90"}],"curies":[{"name":"wp","href":"https:\/\/api.w.org\/{rel}","templated":true}]}}