{"id":43,"date":"2014-06-29T20:54:40","date_gmt":"2014-06-29T20:54:40","guid":{"rendered":"http:\/\/localhost\/wordpress\/?page_id=43"},"modified":"2014-06-29T21:20:57","modified_gmt":"2014-06-29T21:20:57","slug":"collections","status":"publish","type":"page","link":"https:\/\/www.hop-frog.net\/?page_id=43","title":{"rendered":"Collections"},"content":{"rendered":"<div class=\"synved-social-container synved-social-container-follow\"><a class=\"synved-social-button synved-social-button-follow synved-social-size-16 synved-social-resolution-single synved-social-provider-facebook nolightbox\" data-provider=\"facebook\" target=\"_blank\" rel=\"nofollow\" title=\"Suivez-nous sur Facebook\" href=\"http:\/\/www.facebook.com\/HopFrogEditions\" style=\"font-size: 0px;width:16px;height:16px;margin:0;margin-bottom:5px;margin-right:5px\"><img alt=\"Facebook\" title=\"Suivez-nous sur Facebook\" class=\"synved-share-image synved-social-image synved-social-image-follow\" width=\"16\" height=\"16\" style=\"display: inline;width:16px;height:16px;margin: 0;padding: 0;border: none\" src=\"https:\/\/www.hop-frog.net\/wp-content\/plugins\/social-media-feather\/synved-social\/image\/social\/regular\/32x32\/facebook.png\" \/><\/a><a class=\"synved-social-button synved-social-button-follow synved-social-size-16 synved-social-resolution-single synved-social-provider-rss nolightbox\" data-provider=\"rss\" target=\"_blank\" rel=\"nofollow\" title=\"Subscribe to our RSS Feed\" href=\"https:\/\/feeds.feedburner.com\/MyFeedName\" style=\"font-size: 0px;width:16px;height:16px;margin:0;margin-bottom:5px\"><img alt=\"rss\" title=\"Subscribe to our RSS Feed\" class=\"synved-share-image synved-social-image synved-social-image-follow\" width=\"16\" height=\"16\" style=\"display: inline;width:16px;height:16px;margin: 0;padding: 0;border: none\" src=\"https:\/\/www.hop-frog.net\/wp-content\/plugins\/social-media-feather\/synved-social\/image\/social\/regular\/32x32\/rss.png\" \/><\/a><\/div><p><a href=\"index.php?cat=2\">Mixage<\/a> : collection consacr\u00e9e \u00e0 la rencontre des \u00e9critures contemporaines litt\u00e9raires et musicales ayant pour ambition d&rsquo;\u00eatre confi\u00e9es au spectacle vivant<\/p>\n<p><a href=\"index.php?cat=3\">O\u00efkos<\/a> : collection consacr\u00e9e aux \u00e9crits fondateurs et contemporains de l&rsquo;\u00e9cologie politique<\/p>\n<p><a href=\"index.php?cat=4\">Paroles<\/a> : collection consacr\u00e9e aux textes collectifs<\/p>\n","protected":false},"excerpt":{"rendered":"<p>Mixage : collection consacr\u00e9e \u00e0 la rencontre des \u00e9critures contemporaines litt\u00e9raires et musicales ayant pour ambition d&rsquo;\u00eatre confi\u00e9es au spectacle vivant O\u00efkos : collection consacr\u00e9e aux \u00e9crits fondateurs et contemporains de l&rsquo;\u00e9cologie politique Paroles : collection consacr\u00e9e aux textes collectifs<\/p>\n","protected":false},"author":1,"featured_media":0,"parent":0,"menu_order":0,"comment_status":"closed","ping_status":"closed","template":"sidebar-page.php","meta":[],"_links":{"self":[{"href":"https:\/\/www.hop-frog.net\/index.php?rest_route=\/wp\/v2\/pages\/43"}],"collection":[{"href":"https:\/\/www.hop-frog.net\/index.php?rest_route=\/wp\/v2\/pages"}],"about":[{"href":"https:\/\/www.hop-frog.net\/index.php?rest_route=\/wp\/v2\/types\/page"}],"author":[{"embeddable":true,"href":"https:\/\/www.hop-frog.net\/index.php?rest_route=\/wp\/v2\/users\/1"}],"replies":[{"embeddable":true,"href":"https:\/\/www.hop-frog.net\/index.php?rest_route=%2Fwp%2Fv2%2Fcomments&post=43"}],"version-history":[{"count":3,"href":"https:\/\/www.hop-frog.net\/index.php?rest_route=\/wp\/v2\/pages\/43\/revisions"}],"predecessor-version":[{"id":47,"href":"https:\/\/www.hop-frog.net\/index.php?rest_route=\/wp\/v2\/pages\/43\/revisions\/47"}],"wp:attachment":[{"href":"https:\/\/www.hop-frog.net\/index.php?rest_route=%2Fwp%2Fv2%2Fmedia&parent=43"}],"curies":[{"name":"wp","href":"https:\/\/api.w.org\/{rel}","templated":true}]}}